{"id":29836,"date":"2021-01-05T10:30:48","date_gmt":"2021-01-05T08:30:48","guid":{"rendered":"https:\/\/www.kofinas.gr\/%cf%80%ce%bf%ce%bb%ce%b9%cf%84%ce%b9%ce%ba%ce%ae-%ce%b5%cf%84%ce%b1%ce%b9%cf%81%ce%af%ce%b1%cf%82-%ce%ba%ce%bf%cf%86%ce%b9%ce%bd%ce%b1%cf%83-%ce%b1%ce%b5\/"},"modified":"2021-01-05T11:01:15","modified_gmt":"2021-01-05T09:01:15","slug":"unternehmenspolitik-kofinas-sa","status":"publish","type":"page","link":"https:\/\/www.kofinas.gr\/den\/unternehmenspolitik-kofinas-sa\/","title":{"rendered":"Firmenpolitik-KOFINAS SA"},"content":{"rendered":"<figure class=\"wp-block-image size-large\"><img decoding=\"async\" width=\"230\" height=\"57\" src=\"https:\/\/www.kofinas.gr\/wp-content\/uploads\/2021\/01\/360new-logoraster-smallen2.gif\" alt=\"\" class=\"wp-image-29839\"\/><\/figure>\n\n\n\n<h3 class=\"wp-block-heading\"><strong>Qualit\u00e4tspolitik \u2013 Umwelt \u2013 EHS<\/strong><\/h3>\n\n\n\n<p>Das Unternehmen KOFINAS PREFABRICATED HOUSES SA Gegenstand seiner Gesch\u00e4ftst\u00e4tigkeit ist die Planung, der Bau, der Vertrieb und die Montage von Fertigh\u00e4usern.<\/p>\n\n\n\n<p>Grundverpflichtungen des Unternehmens sind:<\/p>\n\n\n\n<ol class=\"wp-block-list\" type=\"1\"><li>die Bereitstellung eines stabilen und qualitativ hochwertigen Dienstes <\/li><li>und die volle Erf\u00fcllung der Anforderungen seiner Kunden sowie den Schutz der Umwelt und des EHS<\/li><\/ol>\n\n\n\n<p>Dar\u00fcber hinaus verpflichtet sich das Unternehmen:<\/p>\n\n\n\n<ol class=\"wp-block-list\" type=\"1\" start=\"3\"><li>die \u00dcbereinstimmung seiner Dienstleistungen und Praktiken mit den geltenden Rechtsvorschriften und dem relevanten Regulierungsrahmen,<\/li><li>die Vermeidung von Umweltsch\u00e4den,<\/li><li>Ergreifen geeigneter Ma\u00dfnahmen zur Vorbeugung, Verringerung und Beseitigung von Risiken und Gefahren f\u00fcr die Gesundheit und Sicherheit am Arbeitsplatz des Unternehmens,<\/li><li>ein angemessenes Arbeitsumfeld und sichere Arbeitsbedingungen bereitzustellen, um Verletzungen und Berufskrankheiten vorzubeugen und zu verhindern,<\/li><li>Reduzierung der von ihm produzierten Abf\u00e4lle und F\u00f6rderung von Recyclingpraktiken, Reduzierung des Verbrauchs von Energie und nat\u00fcrlichen Ressourcen,<\/li><li>F\u00f6rderung der Konsultation und Einbeziehung der Mitarbeiter in Fragen der Gesundheit und Sicherheit am Arbeitsplatz.<\/li><\/ol>\n\n\n\n<p>Das Management stellt die Erf\u00fcllung der oben genannten Verpflichtungen sicher durch:<\/p>\n\n\n\n<ol class=\"wp-block-list\" type=\"A\"><li>die Implementierung des einheitlichen Managementsystems (SMS) in voller \u00dcbereinstimmung mit den Anforderungen der Normen ISO 9001: 2015 und ISO 14001: 2015 und ISO 45001: 2018 und die Verbesserung seiner Effizienz durch regelm\u00e4\u00dfige Audits, \u00dcberpr\u00fcfungen und Analysen des relevanten Risikos ,<\/li><li>die kontinuierliche Schulung, Information und Schulung seiner F\u00fchrungskr\u00e4fte, um die Ziele des Unternehmens bei jeder ihrer Aktivit\u00e4ten zu f\u00f6rdern,<\/li><li>Bereitstellung angemessener Ressourcen f\u00fcr die Umsetzung des SMS und des Umweltmanagements,<\/li><li>Ziele, deren Umsetzung \u00fcberpr\u00fcft und bewertet wird, um die negativen Auswirkungen auf die Qualit\u00e4t seiner Dienstleistungen, die Umwelt und das EHS zu beseitigen oder zu verringern.<\/li><\/ol>\n\n\n\n<p>Das st\u00e4ndige Bem\u00fchen um die kontinuierliche Verbesserung der Dienstleistungen und des SMS ist das Hauptanliegen des Unternehmens und die Philosophie jedes seiner Mitarbeiter.<\/p>\n\n\n\n<div class=\"wp-block-image\"><figure class=\"aligncenter size-full\"><img fetchpriority=\"high\" decoding=\"async\" width=\"1654\" height=\"398\" src=\"https:\/\/www.kofinas.gr\/wp-content\/uploads\/2021\/01\/\u0430\u0441\u0437\u0434\u0444.jpg\" alt=\"\" class=\"wp-image-29824\" srcset=\"\" sizes=\"(max-width: 1654px) 100vw, 1654px\" data-srcset=\"\" \/><\/figure><\/div>\n\n\n\n<div class=\"wp-block-columns is-layout-flex wp-container-core-columns-is-layout-9d6595d7 wp-block-columns-is-layout-flex\">\n<div class=\"wp-block-column is-layout-flow wp-block-column-is-layout-flow\">\n<div class=\"wp-block-image\"><figure class=\"aligncenter size-large\"><a href=\"https:\/\/www.kofinas.gr\/wp-content\/uploads\/2021\/01\/Policy_05012021101600-1.jpg\" data-lbwps-width=\"1018\" data-lbwps-height=\"1440\" data-lbwps-srcsmall=\"https:\/\/www.kofinas.gr\/wp-content\/uploads\/2021\/01\/Policy_05012021101600-1.jpg\"><img decoding=\"async\" width=\"283\" height=\"400\" src=\"https:\/\/www.kofinas.gr\/wp-content\/uploads\/2021\/01\/Policy_05012021101600-1-283x400.jpg\" alt=\"\" class=\"wp-image-29829\" srcset=\"https:\/\/www.kofinas.gr\/wp-content\/uploads\/2021\/01\/Policy_05012021101600-1-283x400.jpg 283w, https:\/\/www.kofinas.gr\/wp-content\/uploads\/2021\/01\/Policy_05012021101600-1-247x350.jpg 247w, https:\/\/www.kofinas.gr\/wp-content\/uploads\/2021\/01\/Policy_05012021101600-1-768x1087.jpg 768w, https:\/\/www.kofinas.gr\/wp-content\/uploads\/2021\/01\/Policy_05012021101600-1.jpg 1018w\" sizes=\"(max-width: 283px) 100vw, 283px\" \/><\/a><\/figure><\/div>\n<\/div>\n\n\n\n<div class=\"wp-block-column is-layout-flow wp-block-column-is-layout-flow\">\n<div class=\"wp-block-image\"><figure class=\"aligncenter size-large\"><img loading=\"lazy\" decoding=\"async\" width=\"230\" height=\"57\" src=\"https:\/\/www.kofinas.gr\/wp-content\/uploads\/2021\/01\/360new-logoraster-smallen-1.gif\" alt=\"\" class=\"wp-image-29831\"\/><\/figure><\/div>\n<\/div>\n<\/div>","protected":false},"excerpt":{"rendered":"<p>Qualit\u00e4tspolitik \u2013 Umwelt \u2013 EHS Das Unternehmen KOFINAS PREFABRICATED HOUSES SA Gegenstand seiner Gesch\u00e4ftst\u00e4tigkeit ist die Planung, der Bau, der Vertrieb und die Installation von Fertigh\u00e4usern. Grundverpflichtungen des Unternehmens sind: die Bereitstellung eines stabilen und hohen Qualit\u00e4tsniveaus von Dienstleistungen und die vollst\u00e4ndige Befriedigung der Anforderungen seiner Kunden, [...]<\/p>","protected":false},"author":3,"featured_media":0,"parent":0,"menu_order":0,"comment_status":"closed","ping_status":"closed","template":"template-pages\/page-nobackground.php","meta":{"_acf_changed":false,"footnotes":""},"class_list":["post-29836","page","type-page","status-publish","hentry"],"acf":[],"yoast_head":"<!-- This site is optimized with the Yoast SEO Premium plugin v26.6 (Yoast SEO v26.6) - https:\/\/yoast.com\/wordpress\/plugins\/seo\/ -->\n<title>Company&#039;s policy-KOFINAS SA | \u039a\u03bf\u03c6\u03b9\u03bd\u03ac\u03c2 \u03a0\u03c1\u03bf\u03ba\u03b1\u03c4\u03b1\u03c3\u03ba\u03b5\u03c5\u03b1\u03c3\u03bc\u03ad\u03bd\u03b1 \u03c3\u03c0\u03af\u03c4\u03b9\u03b1 - \u03a0\u03c1\u03bf\u03ba\u03ac\u03c4 | Prefabricated houses<\/title>\n<meta name=\"description\" content=\"\u039a\u03bf\u03c6\u03b9\u03bd\u03ac\u03c2 \u03a0\u03c1\u03bf\u03ba\u03b1\u03c4\u03b1\u03c3\u03ba\u03b5\u03c5\u03b1\u03c3\u03bc\u03ad\u03bd\u03b1 \u03c3\u03c0\u03af\u03c4\u03b9\u03b1 - \u03a0\u03c1\u03bf\u03ba\u03ac\u03c4 Company&#039;s policy-KOFINAS SA | \u039a\u03bf\u03c6\u03b9\u03bd\u03ac\u03c2 \u03a0\u03c1\u03bf\u03ba\u03b1\u03c4\u03b1\u03c3\u03ba\u03b5\u03c5\u03b1\u03c3\u03bc\u03ad\u03bd\u03b1 \u03c3\u03c0\u03af\u03c4\u03b9\u03b1 - \u03a0\u03c1\u03bf\u03ba\u03ac\u03c4 | Company&#039;s policy-KOFINAS SA | \u039a\u03bf\u03c6\u03b9\u03bd\u03ac\u03c2 \u03a0\u03c1\u03bf\u03ba\u03b1\u03c4\u03b1\u03c3\u03ba\u03b5\u03c5\u03b1\u03c3\u03bc\u03ad\u03bd\u03b1 \u03c3\u03c0\u03af\u03c4\u03b9\u03b1 - \u03a0\u03c1\u03bf\u03ba\u03ac\u03c4 | Company&#039;s policy-KOFINAS SA Prefabricated houses\" \/>\n<meta name=\"robots\" content=\"index, follow, max-snippet:-1, max-image-preview:large, max-video-preview:-1\" \/>\n<link rel=\"canonical\" href=\"https:\/\/www.kofinas.gr\/den\/unternehmenspolitik-kofinas-sa\/\" \/>\n<meta property=\"og:locale\" content=\"de_DE\" \/>\n<meta property=\"og:type\" content=\"article\" \/>\n<meta property=\"og:title\" content=\"Company&#039;s policy-KOFINAS SA\" \/>\n<meta property=\"og:description\" content=\"\u039a\u03bf\u03c6\u03b9\u03bd\u03ac\u03c2 \u03a0\u03c1\u03bf\u03ba\u03b1\u03c4\u03b1\u03c3\u03ba\u03b5\u03c5\u03b1\u03c3\u03bc\u03ad\u03bd\u03b1 \u03c3\u03c0\u03af\u03c4\u03b9\u03b1 - \u03a0\u03c1\u03bf\u03ba\u03ac\u03c4 Company&#039;s policy-KOFINAS SA | \u039a\u03bf\u03c6\u03b9\u03bd\u03ac\u03c2 \u03a0\u03c1\u03bf\u03ba\u03b1\u03c4\u03b1\u03c3\u03ba\u03b5\u03c5\u03b1\u03c3\u03bc\u03ad\u03bd\u03b1 \u03c3\u03c0\u03af\u03c4\u03b9\u03b1 - \u03a0\u03c1\u03bf\u03ba\u03ac\u03c4 | Company&#039;s policy-KOFINAS SA | \u039a\u03bf\u03c6\u03b9\u03bd\u03ac\u03c2 \u03a0\u03c1\u03bf\u03ba\u03b1\u03c4\u03b1\u03c3\u03ba\u03b5\u03c5\u03b1\u03c3\u03bc\u03ad\u03bd\u03b1 \u03c3\u03c0\u03af\u03c4\u03b9\u03b1 - \u03a0\u03c1\u03bf\u03ba\u03ac\u03c4 | Company&#039;s policy-KOFINAS SA Prefabricated houses\" \/>\n<meta property=\"og:url\" content=\"https:\/\/www.kofinas.gr\/den\/unternehmenspolitik-kofinas-sa\/\" \/>\n<meta property=\"og:site_name\" content=\"\u039a\u03bf\u03c6\u03b9\u03bd\u03ac\u03c2 \u03a0\u03c1\u03bf\u03ba\u03b1\u03c4\u03b1\u03c3\u03ba\u03b5\u03c5\u03b1\u03c3\u03bc\u03ad\u03bd\u03b1 \u03c3\u03c0\u03af\u03c4\u03b9\u03b1 - \u03a0\u03c1\u03bf\u03ba\u03ac\u03c4\" \/>\n<meta property=\"article:publisher\" content=\"https:\/\/www.facebook.com\/kofinas.prokataskevasmena\" \/>\n<meta property=\"article:modified_time\" content=\"2021-01-05T09:01:15+00:00\" \/>\n<meta property=\"og:image\" content=\"https:\/\/www.kofinas.gr\/wp-content\/uploads\/2021\/01\/360new-logoraster-smallen2.gif\" \/>\n<meta name=\"twitter:card\" content=\"summary_large_image\" \/>\n<meta name=\"twitter:site\" content=\"@kofinas_prokat\" \/>\n<meta name=\"twitter:label1\" content=\"Gesch\u00e4tzte Lesezeit\" \/>\n\t<meta name=\"twitter:data1\" content=\"2\u00a0Minuten\" \/>\n<script type=\"application\/ld+json\" class=\"yoast-schema-graph\">{\"@context\":\"https:\/\/schema.org\",\"@graph\":[{\"@type\":\"WebPage\",\"@id\":\"https:\/\/www.kofinas.gr\/companys-policy-kofinas-sa\/\",\"url\":\"https:\/\/www.kofinas.gr\/companys-policy-kofinas-sa\/\",\"name\":\"Company's policy-KOFINAS SA | \u039a\u03bf\u03c6\u03b9\u03bd\u03ac\u03c2 \u03a0\u03c1\u03bf\u03ba\u03b1\u03c4\u03b1\u03c3\u03ba\u03b5\u03c5\u03b1\u03c3\u03bc\u03ad\u03bd\u03b1 \u03c3\u03c0\u03af\u03c4\u03b9\u03b1 - \u03a0\u03c1\u03bf\u03ba\u03ac\u03c4 | Prefabricated houses\",\"isPartOf\":{\"@id\":\"https:\/\/www.kofinas.gr\/#website\"},\"primaryImageOfPage\":{\"@id\":\"https:\/\/www.kofinas.gr\/companys-policy-kofinas-sa\/#primaryimage\"},\"image\":{\"@id\":\"https:\/\/www.kofinas.gr\/companys-policy-kofinas-sa\/#primaryimage\"},\"thumbnailUrl\":\"https:\/\/www.kofinas.gr\/wp-content\/uploads\/2021\/01\/360new-logoraster-smallen2.gif\",\"datePublished\":\"2021-01-05T08:30:48+00:00\",\"dateModified\":\"2021-01-05T09:01:15+00:00\",\"description\":\"\u039a\u03bf\u03c6\u03b9\u03bd\u03ac\u03c2 \u03a0\u03c1\u03bf\u03ba\u03b1\u03c4\u03b1\u03c3\u03ba\u03b5\u03c5\u03b1\u03c3\u03bc\u03ad\u03bd\u03b1 \u03c3\u03c0\u03af\u03c4\u03b9\u03b1 - \u03a0\u03c1\u03bf\u03ba\u03ac\u03c4 Company's policy-KOFINAS SA | \u039a\u03bf\u03c6\u03b9\u03bd\u03ac\u03c2 \u03a0\u03c1\u03bf\u03ba\u03b1\u03c4\u03b1\u03c3\u03ba\u03b5\u03c5\u03b1\u03c3\u03bc\u03ad\u03bd\u03b1 \u03c3\u03c0\u03af\u03c4\u03b9\u03b1 - \u03a0\u03c1\u03bf\u03ba\u03ac\u03c4 | Company's policy-KOFINAS SA | \u039a\u03bf\u03c6\u03b9\u03bd\u03ac\u03c2 \u03a0\u03c1\u03bf\u03ba\u03b1\u03c4\u03b1\u03c3\u03ba\u03b5\u03c5\u03b1\u03c3\u03bc\u03ad\u03bd\u03b1 \u03c3\u03c0\u03af\u03c4\u03b9\u03b1 - \u03a0\u03c1\u03bf\u03ba\u03ac\u03c4 | Company's policy-KOFINAS SA Prefabricated houses\",\"breadcrumb\":{\"@id\":\"https:\/\/www.kofinas.gr\/companys-policy-kofinas-sa\/#breadcrumb\"},\"inLanguage\":\"de\",\"potentialAction\":[{\"@type\":\"ReadAction\",\"target\":[\"https:\/\/www.kofinas.gr\/companys-policy-kofinas-sa\/\"]}]},{\"@type\":\"ImageObject\",\"inLanguage\":\"de\",\"@id\":\"https:\/\/www.kofinas.gr\/companys-policy-kofinas-sa\/#primaryimage\",\"url\":\"https:\/\/www.kofinas.gr\/wp-content\/uploads\/2021\/01\/360new-logoraster-smallen2.gif\",\"contentUrl\":\"https:\/\/www.kofinas.gr\/wp-content\/uploads\/2021\/01\/360new-logoraster-smallen2.gif\"},{\"@type\":\"BreadcrumbList\",\"@id\":\"https:\/\/www.kofinas.gr\/companys-policy-kofinas-sa\/#breadcrumb\",\"itemListElement\":[{\"@type\":\"ListItem\",\"position\":1,\"name\":\"Home\",\"item\":\"https:\/\/www.kofinas.gr\/\"},{\"@type\":\"ListItem\",\"position\":2,\"name\":\"Company&#8217;s policy-KOFINAS SA\"}]},{\"@type\":\"WebSite\",\"@id\":\"https:\/\/www.kofinas.gr\/#website\",\"url\":\"https:\/\/www.kofinas.gr\/\",\"name\":\"\u039a\u03bf\u03c6\u03b9\u03bd\u03ac\u03c2 \u03a0\u03c1\u03bf\u03ba\u03b1\u03c4\u03b1\u03c3\u03ba\u03b5\u03c5\u03b1\u03c3\u03bc\u03ad\u03bd\u03b1 \u03c3\u03c0\u03af\u03c4\u03b9\u03b1 - \u03a0\u03c1\u03bf\u03ba\u03ac\u03c4\",\"description\":\"\u039a\u03b1\u03c4\u03b1\u03c3\u03ba\u03b5\u03c5\u03ac\u03b6\u03bf\u03c5\u03bc\u03b5 \u03c4\u03bf \u03c3\u03c0\u03af\u03c4\u03b9 \u03c3\u03b1\u03c2 \u03c3\u03c4\u03b7\u03bd \u03b5\u03bb\u03bb\u03ac\u03b4\u03b1 \u03ba\u03b1\u03b9 \u03bf\u03c0\u03bf\u03c5\u03b4\u03ae\u03c0\u03bf\u03c4\u03b5 \u03c3\u03c4\u03b7\u03bd \u0395\u03c5\u03c1\u03ce\u03c0\u03b7!\",\"publisher\":{\"@id\":\"https:\/\/www.kofinas.gr\/#organization\"},\"alternateName\":\"\u039a\u039f\u03a6\u0399\u039d\u0391\u03a3 \u03a0\u03c1\u03bf\u03ba\u03b1\u03c4\u03b1\u03c3\u03ba\u03b5\u03c5\u03b1\u03c3\u03bc\u03ad\u03bd\u03b1 \u03a3\u03c0\u03af\u03c4\u03b9\u03b1 \u03ba\u03b1\u03b9 \u03a4\u03bf\u03c5\u03c1\u03b9\u03c3\u03c4\u03b9\u03ba\u03ac \u039a\u03b1\u03c4\u03b1\u03bb\u03cd\u03bc\u03b1\u03c4\u03b1\",\"potentialAction\":[{\"@type\":\"SearchAction\",\"target\":{\"@type\":\"EntryPoint\",\"urlTemplate\":\"https:\/\/www.kofinas.gr\/?s={search_term_string}\"},\"query-input\":{\"@type\":\"PropertyValueSpecification\",\"valueRequired\":true,\"valueName\":\"search_term_string\"}}],\"inLanguage\":\"de\"},{\"@type\":\"Organization\",\"@id\":\"https:\/\/www.kofinas.gr\/#organization\",\"name\":\"Kofinas SA\",\"alternateName\":\"Construction Company that constuct Prefabricated houses\",\"url\":\"https:\/\/www.kofinas.gr\/\",\"logo\":{\"@type\":\"ImageObject\",\"inLanguage\":\"de\",\"@id\":\"https:\/\/www.kofinas.gr\/#\/schema\/logo\/image\/\",\"url\":\"https:\/\/www.kofinas.gr\/wp-content\/uploads\/2025\/03\/360new-logo-25.gif\",\"contentUrl\":\"https:\/\/www.kofinas.gr\/wp-content\/uploads\/2025\/03\/360new-logo-25.gif\",\"width\":230,\"height\":70,\"caption\":\"Kofinas SA\"},\"image\":{\"@id\":\"https:\/\/www.kofinas.gr\/#\/schema\/logo\/image\/\"},\"sameAs\":[\"https:\/\/www.facebook.com\/kofinas.prokataskevasmena\",\"https:\/\/x.com\/kofinas_prokat\",\"https:\/\/www.linkedin.com\/company\/kofinas-sa\",\"https:\/\/www.instagram.com\/kofinasprefab\/\",\"https:\/\/www.youtube.com\/channel\/UCEAifY31SuyQHHz_I3P4IVg\"],\"description\":\"KOFINAS SA \u2013 Prefabricated Homes Founded Legacy & Innovation Established in 1977, KOFINAS SA has grown into one of Greece\u2019s leading firms in the prefabricated housing sector. Their philosophy underscores continuous innovation\u2014they don't aim to build more homes, but to build better homes Strength & Certification The company's unique construction system has undergone rigorous experimental testing at the National Technical University of Athens, proving its durability well beyond natural endurance limits. Innovations introduced by KOFINAS are internationally recognized and certified. Sustainability & Eco Friendly Building KOFINAS uses Swedish and Finnish timber as its primary construction material, achieving a notably low carbon footprint: replacing conventional materials with wood reduces carbon dioxide emissions by 1.1 tons per cubic meter. In collaboration with Nordic sawmills, for every tree harvested, three to five new trees are planted, resulting in a negative carbon footprint. Additionally, their homes feature bioclimatic design and achieve energy consumption reductions of 75%\u201380% compared to conventional buildings\u2014often earning them energy efficiency A certificates. Advanced Production Facilities KOFINAS operates a modern factory, built to European standards, with ISO 14001 certification\u2014ensuring top-tier quality and environmental management in prefabricated housing production. Wide Range of Custom Designs Their catalog includes single , two , and three story homes, ground floor units with lofts, passive houses, and tourist accommodations. They also offer the \u201cFlexyHome\u201d series and Finnlamelli Finnish log houses, providing versatility to meet diverse aesthetic and functional needs. Experienced Team & Nationwide Network KOFINAS boasts a skilled, multidisciplinary team\u2014including civil and architectural engineers\u2014who oversee design, permit processing, and project implementation with a 100% success rate. The company has built a robust sales and distribution network\",\"email\":\"info@kofinas.gr\",\"telephone\":\"00302106081307\",\"legalName\":\"KOFINAS SA\",\"foundingDate\":\"1977-03-07\",\"vatID\":\"EL081136701\",\"duns\":\"503265836\",\"numberOfEmployees\":{\"@type\":\"QuantitativeValue\",\"minValue\":\"11\",\"maxValue\":\"50\"},\"publishingPrinciples\":\"https:\/\/www.kofinas.gr\/%cf%80%ce%bf%ce%bb%ce%b9%cf%84%ce%b9%ce%ba%ce%ae-%ce%b5%cf%84%ce%b1%ce%b9%cf%81%ce%af%ce%b1%cf%82-%ce%ba%ce%bf%cf%86%ce%b9%ce%bd%ce%b1%cf%83-%ce%b1%ce%b5\/\",\"ownershipFundingInfo\":\"https:\/\/www.kofinas.gr\/%ce%b5%cf%84%ce%b1%ce%b9%cf%81%ce%af%ce%b1\/\",\"actionableFeedbackPolicy\":\"https:\/\/www.kofinas.gr\/prosopika-dedomena\/\"}]}<\/script>\n<!-- \/ Yoast SEO Premium plugin. -->","yoast_head_json":{"title":"Unternehmenspolitik-KOFINAS SA | Kofinas Fertigh\u00e4user - Fertigh\u00e4user | Fertigh\u00e4user","description":"Kofinas Fertigh\u00e4user - Vorgefertigte Firmenpolitik - KOFINAS SA | Kofinas Fertigh\u00e4user - Vorgefertigte | Firmenpolitik - KOFINAS SA | Kofinas Fertigh\u00e4user - Vorgefertigte | Firmenpolitik - KOFINAS SA Fertigh\u00e4user","robots":{"index":"index","follow":"follow","max-snippet":"max-snippet:-1","max-image-preview":"max-image-preview:large","max-video-preview":"max-video-preview:-1"},"canonical":"https:\/\/www.kofinas.gr\/den\/unternehmenspolitik-kofinas-sa\/","og_locale":"de_DE","og_type":"article","og_title":"Company's policy-KOFINAS SA","og_description":"\u039a\u03bf\u03c6\u03b9\u03bd\u03ac\u03c2 \u03a0\u03c1\u03bf\u03ba\u03b1\u03c4\u03b1\u03c3\u03ba\u03b5\u03c5\u03b1\u03c3\u03bc\u03ad\u03bd\u03b1 \u03c3\u03c0\u03af\u03c4\u03b9\u03b1 - \u03a0\u03c1\u03bf\u03ba\u03ac\u03c4 Company's policy-KOFINAS SA | \u039a\u03bf\u03c6\u03b9\u03bd\u03ac\u03c2 \u03a0\u03c1\u03bf\u03ba\u03b1\u03c4\u03b1\u03c3\u03ba\u03b5\u03c5\u03b1\u03c3\u03bc\u03ad\u03bd\u03b1 \u03c3\u03c0\u03af\u03c4\u03b9\u03b1 - \u03a0\u03c1\u03bf\u03ba\u03ac\u03c4 | Company's policy-KOFINAS SA | \u039a\u03bf\u03c6\u03b9\u03bd\u03ac\u03c2 \u03a0\u03c1\u03bf\u03ba\u03b1\u03c4\u03b1\u03c3\u03ba\u03b5\u03c5\u03b1\u03c3\u03bc\u03ad\u03bd\u03b1 \u03c3\u03c0\u03af\u03c4\u03b9\u03b1 - \u03a0\u03c1\u03bf\u03ba\u03ac\u03c4 | Company's policy-KOFINAS SA Prefabricated houses","og_url":"https:\/\/www.kofinas.gr\/den\/unternehmenspolitik-kofinas-sa\/","og_site_name":"\u039a\u03bf\u03c6\u03b9\u03bd\u03ac\u03c2 \u03a0\u03c1\u03bf\u03ba\u03b1\u03c4\u03b1\u03c3\u03ba\u03b5\u03c5\u03b1\u03c3\u03bc\u03ad\u03bd\u03b1 \u03c3\u03c0\u03af\u03c4\u03b9\u03b1 - \u03a0\u03c1\u03bf\u03ba\u03ac\u03c4","article_publisher":"https:\/\/www.facebook.com\/kofinas.prokataskevasmena","article_modified_time":"2021-01-05T09:01:15+00:00","og_image":[{"url":"https:\/\/www.kofinas.gr\/wp-content\/uploads\/2021\/01\/360new-logoraster-smallen2.gif","type":"","width":"","height":""}],"twitter_card":"summary_large_image","twitter_site":"@kofinas_prokat","twitter_misc":{"Gesch\u00e4tzte Lesezeit":"2\u00a0Minuten"},"schema":{"@context":"https:\/\/schema.org","@graph":[{"@type":"WebPage","@id":"https:\/\/www.kofinas.gr\/companys-policy-kofinas-sa\/","url":"https:\/\/www.kofinas.gr\/companys-policy-kofinas-sa\/","name":"Unternehmenspolitik-KOFINAS SA | Kofinas Fertigh\u00e4user - Fertigh\u00e4user | Fertigh\u00e4user","isPartOf":{"@id":"https:\/\/www.kofinas.gr\/#website"},"primaryImageOfPage":{"@id":"https:\/\/www.kofinas.gr\/companys-policy-kofinas-sa\/#primaryimage"},"image":{"@id":"https:\/\/www.kofinas.gr\/companys-policy-kofinas-sa\/#primaryimage"},"thumbnailUrl":"https:\/\/www.kofinas.gr\/wp-content\/uploads\/2021\/01\/360new-logoraster-smallen2.gif","datePublished":"2021-01-05T08:30:48+00:00","dateModified":"2021-01-05T09:01:15+00:00","description":"Kofinas Fertigh\u00e4user - Vorgefertigte Firmenpolitik - KOFINAS SA | Kofinas Fertigh\u00e4user - Vorgefertigte | Firmenpolitik - KOFINAS SA | Kofinas Fertigh\u00e4user - Vorgefertigte | Firmenpolitik - KOFINAS SA Fertigh\u00e4user","breadcrumb":{"@id":"https:\/\/www.kofinas.gr\/companys-policy-kofinas-sa\/#breadcrumb"},"inLanguage":"de","potentialAction":[{"@type":"ReadAction","target":["https:\/\/www.kofinas.gr\/companys-policy-kofinas-sa\/"]}]},{"@type":"ImageObject","inLanguage":"de","@id":"https:\/\/www.kofinas.gr\/companys-policy-kofinas-sa\/#primaryimage","url":"https:\/\/www.kofinas.gr\/wp-content\/uploads\/2021\/01\/360new-logoraster-smallen2.gif","contentUrl":"https:\/\/www.kofinas.gr\/wp-content\/uploads\/2021\/01\/360new-logoraster-smallen2.gif"},{"@type":"BreadcrumbList","@id":"https:\/\/www.kofinas.gr\/companys-policy-kofinas-sa\/#breadcrumb","itemListElement":[{"@type":"ListItem","position":1,"name":"Home","item":"https:\/\/www.kofinas.gr\/"},{"@type":"ListItem","position":2,"name":"Company&#8217;s policy-KOFINAS SA"}]},{"@type":"WebSite","@id":"https:\/\/www.kofinas.gr\/#website","url":"https:\/\/www.kofinas.gr\/","name":"Kofinas Fertigh\u00e4user - Fertigh\u00e4user","description":"Wir bauen Ihr Haus in Griechenland und \u00fcberall in Europa!","publisher":{"@id":"https:\/\/www.kofinas.gr\/#organization"},"alternateName":"\u039a\u039f\u03a6\u0399\u039d\u0391\u03a3 \u03a0\u03c1\u03bf\u03ba\u03b1\u03c4\u03b1\u03c3\u03ba\u03b5\u03c5\u03b1\u03c3\u03bc\u03ad\u03bd\u03b1 \u03a3\u03c0\u03af\u03c4\u03b9\u03b1 \u03ba\u03b1\u03b9 \u03a4\u03bf\u03c5\u03c1\u03b9\u03c3\u03c4\u03b9\u03ba\u03ac \u039a\u03b1\u03c4\u03b1\u03bb\u03cd\u03bc\u03b1\u03c4\u03b1","potentialAction":[{"@type":"SearchAction","target":{"@type":"EntryPoint","urlTemplate":"https:\/\/www.kofinas.gr\/?s={search_term_string}"},"query-input":{"@type":"PropertyValueSpecification","valueRequired":true,"valueName":"search_term_string"}}],"inLanguage":"de"},{"@type":"Organization","@id":"https:\/\/www.kofinas.gr\/#organization","name":"Kofinas SA","alternateName":"Construction Company that constuct Prefabricated houses","url":"https:\/\/www.kofinas.gr\/","logo":{"@type":"ImageObject","inLanguage":"de","@id":"https:\/\/www.kofinas.gr\/#\/schema\/logo\/image\/","url":"https:\/\/www.kofinas.gr\/wp-content\/uploads\/2025\/03\/360new-logo-25.gif","contentUrl":"https:\/\/www.kofinas.gr\/wp-content\/uploads\/2025\/03\/360new-logo-25.gif","width":230,"height":70,"caption":"Kofinas SA"},"image":{"@id":"https:\/\/www.kofinas.gr\/#\/schema\/logo\/image\/"},"sameAs":["https:\/\/www.facebook.com\/kofinas.prokataskevasmena","https:\/\/x.com\/kofinas_prokat","https:\/\/www.linkedin.com\/company\/kofinas-sa","https:\/\/www.instagram.com\/kofinasprefab\/","https:\/\/www.youtube.com\/channel\/UCEAifY31SuyQHHz_I3P4IVg"],"description":"KOFINAS SA \u2013 Fertigh\u00e4user. Gegr\u00fcndet 1977, hat sich KOFINAS SA zu einem der f\u00fchrenden griechischen Unternehmen im Fertighaussektor entwickelt. Ihre Philosophie unterstreicht kontinuierliche Innovation \u2013 ihr Ziel ist es nicht, mehr H\u00e4user zu bauen, sondern bessere H\u00e4user. St\u00e4rke und Zertifizierung. Das einzigartige Bausystem des Unternehmens wurde an der Nationalen Technischen Universit\u00e4t Athen rigorosen experimentellen Tests unterzogen, die seine Haltbarkeit weit \u00fcber die nat\u00fcrlichen Belastbarkeitsgrenzen hinaus bewiesen haben. Von KOFINAS eingef\u00fchrte Innovationen sind international anerkannt und zertifiziert. Nachhaltigkeit und umweltfreundliches Bauen KOFINAS verwendet schwedisches und finnisches Holz als prim\u00e4res Baumaterial und erreicht damit einen bemerkenswert niedrigen CO2-Fu\u00dfabdruck: Der Ersatz herk\u00f6mmlicher Materialien durch Holz reduziert den Kohlendioxidaussto\u00df um 1,1 Tonnen pro Kubikmeter. In Zusammenarbeit mit nordischen S\u00e4gewerken werden f\u00fcr jeden gef\u00e4llten Baum drei bis f\u00fcnf neue B\u00e4ume gepflanzt, was zu einem negativen CO2-Fu\u00dfabdruck f\u00fchrt. Zudem verf\u00fcgen ihre H\u00e4user \u00fcber ein bioklimatisches Design und erreichen im Vergleich zu herk\u00f6mmlichen Geb\u00e4uden eine Reduzierung des Energieverbrauchs um 751\u2013801 TP3T, was ihnen oft das Energieeffizienzzertifikat A einbringt. Moderne Produktionsanlagen KOFINAS betreibt eine moderne Fabrik, die nach europ\u00e4ischen Standards gebaut und nach ISO 14001 zertifiziert ist. Dies gew\u00e4hrleistet h\u00f6chste Qualit\u00e4t und Umweltmanagement in der Fertighausproduktion. Gro\u00dfe Auswahl an kundenspezifischen Designs. Der Katalog umfasst ein-, zwei- und dreist\u00f6ckige H\u00e4user, Erdgeschosswohnungen mit Lofts, Passivh\u00e4user und Touristenunterk\u00fcnfte. Das Unternehmen bietet au\u00dferdem die \u201eFlexyHome\u201c-Serie und finnische Blockh\u00e4user von Finnlamelli an, die vielseitig einsetzbar sind und unterschiedlichen \u00e4sthetischen und funktionalen Anforderungen gerecht werden. Erfahrenes Team und landesweites Netzwerk KOFINAS verf\u00fcgt \u00fcber ein qualifiziertes, multidisziplin\u00e4res Team \u2013 darunter Bauingenieure und Architekturingenieure \u2013, das Design, Genehmigungsverfahren und Projektumsetzung mit einer Erfolgsquote von 100% \u00fcberwacht. Das Unternehmen hat ein robustes Vertriebs- und Distributionsnetz aufgebaut","email":"info@kofinas.gr","telephone":"00302106081307","legalName":"KOFINAS SA","foundingDate":"1977-03-07","vatID":"EL081136701","duns":"503265836","numberOfEmployees":{"@type":"QuantitativeValue","minValue":"11","maxValue":"50"},"publishingPrinciples":"https:\/\/www.kofinas.gr\/%cf%80%ce%bf%ce%bb%ce%b9%cf%84%ce%b9%ce%ba%ce%ae-%ce%b5%cf%84%ce%b1%ce%b9%cf%81%ce%af%ce%b1%cf%82-%ce%ba%ce%bf%cf%86%ce%b9%ce%bd%ce%b1%cf%83-%ce%b1%ce%b5\/","ownershipFundingInfo":"https:\/\/www.kofinas.gr\/%ce%b5%cf%84%ce%b1%ce%b9%cf%81%ce%af%ce%b1\/","actionableFeedbackPolicy":"https:\/\/www.kofinas.gr\/prosopika-dedomena\/"}]}},"_links":{"self":[{"href":"https:\/\/www.kofinas.gr\/den\/wp-json\/wp\/v2\/pages\/29836","targetHints":{"allow":["GET"]}}],"collection":[{"href":"https:\/\/www.kofinas.gr\/den\/wp-json\/wp\/v2\/pages"}],"about":[{"href":"https:\/\/www.kofinas.gr\/den\/wp-json\/wp\/v2\/types\/page"}],"author":[{"embeddable":true,"href":"https:\/\/www.kofinas.gr\/den\/wp-json\/wp\/v2\/users\/3"}],"replies":[{"embeddable":true,"href":"https:\/\/www.kofinas.gr\/den\/wp-json\/wp\/v2\/comments?post=29836"}],"version-history":[{"count":0,"href":"https:\/\/www.kofinas.gr\/den\/wp-json\/wp\/v2\/pages\/29836\/revisions"}],"wp:attachment":[{"href":"https:\/\/www.kofinas.gr\/den\/wp-json\/wp\/v2\/media?parent=29836"}],"curies":[{"name":"wp","href":"https:\/\/api.w.org\/{rel}","templated":true}]}}